n factor of c and 253?
23
Let h(j) = 6*j**2 + 13*j + 73. Let m be h(-4). Let c(i) = i**3 + 5*i**2 - 7*i + 7. Let n be c(-6). Calculate the highest common divisor of m and n.
13
Let p(r) = -r**2 - 29*r - 3. Let s be p(-14). What is the greatest common factor of s and 23?
23
Let s = 3 + -3. Suppose s*j = -2*j. Suppose 0 = -4*f + 4*a + 52, f - 3*a - 23 = -j*a. What is the highest common divisor of f and 72?
8
Let i(c) = -c**2 + 6*c + 7. Let p be i(8). Let d be (p/3)/(4/(-12)). What is the highest common factor of d and 81?
9
Let d be -4*(33/12 + -2). Let g be 13 - (d - 1)/(-4). Let r(n) = -n**2 - 6*n + 4. Let z be r(-6). Calculate the highest common divisor of z and g.
4
Let s be 6/(-4) + 26/4. Suppose -s*v + 75 = -0*v. What is the highest common factor of 75 and v?
15
Let f = 3 + 1. Calculate the greatest common factor of f and 36.
4
Let a(o) = -4*o + 12. Let j be a(-7). Calculate the highest common factor of j and 100.
20
Let g(c) = c**3 - 5*c**2 - 6*c + 7. Let n be g(6). Calculate the greatest common factor of n and 14.
7
Let z = 221 + -181. What is the greatest common factor of z and 16?
8
Suppose -3*b + 7*b = -240. Let c = -34 - b. Calculate the greatest common factor of c and 13.
13
Let d(g) = 11*g + 8. Let v be d(12). Suppose 15 - 95 = -4*r. Calculate the highest common factor of v and r.
20
Suppose 2*f = -2*f + 32. Suppose -83 - 153 = -3*a - 4*d, -5*d + 25 = 0. Calculate the greatest common divisor of f and a.
8
Suppose 4*x - 157 = -21. Calculate the greatest common divisor of 374 and x.
34
Suppose 21 = 2*z - 4*m - 43, 2*m + 60 = 2*z. What is the greatest common divisor of z and 4?
4
Let o = -2 - -3. Let g(j) = -j**2 + 1. Let h be g(o). Suppose -2*k + 3*k - 32 = h. What is the greatest common divisor of 80 and k?
16
Let y = 16 - 9. Suppose 2 = -5*m + y, 104 = 4*n - 4*m. Calculate the greatest common factor of 3 and n.
3
Let y be 4/24*3*4. Suppose 5*r = 62 - y. Calculate the greatest common divisor of 96 and r.
12
Let m(o) = o - 2 - o**3 + 2 - 2*o - o**2. Let u be m(0). Suppose 2*q - 14 + 2 = u. Calculate the highest common factor of q and 12.
6
Let z be ((-16)/5 + 0)/((-2)/10). What is the highest common divisor of 4 and z?
4
Suppose 11*s = 1182 + 138. Suppose -240 = 2*v - 7*v. Calculate the highest common divisor of v and s.
24
Let v(b) = b**3 - 10*b**2 - 9*b - 3. Let o be v(11). What is the greatest common divisor of 19 and o?
19
Suppose 0 = 2*g - 4*g - 42. Let r = 31 + g. Calculate the highest common divisor of r and 20.
10
Let h be 3/6 - (-3)/(-6). Suppose -2*y = -3*m + 2*y + 284, h = -m + 5*y + 113. What is the highest common factor of 11 and m?
11
Let y(w) = w**3 - 2*w**2 - 9*w + 7. Let r be y(4). Calculate the greatest common divisor of 24 and r.
3
Suppose 10 = 3*v - 5*w, -2 = -2*v + 4*w + 2. Calculate the greatest common factor of v and 20.
10
Let f(j) = j**3 - 4*j**2 - 6*j + 6. Let v be f(5). Let i(d) = 8*d**2 - d. Let g be i(v). What is the highest common divisor of 1 and g?
1
Let y = 175 - 124. What is the greatest common divisor of 68 and y?
17
Let z = 249 + -165. What is the highest common factor of z and 12?
12
Let m be (-1)/((-27)/(-9) + (-52)/17). What is the greatest common divisor of 68 and m?
17
Let l = 33 - 47. Let r = -8 - l. Calculate the greatest common factor of r and 3.
3
Suppose 2*o = 6 + 74. Suppose -5*m + 15 + o = 0. What is the highest common factor of m and 44?
11
Let k be (-99)/2*2*(-1)/3. What is the highest common divisor of k and 3?
3
Let p = 49 - -231. Let r = p - 156. Suppose -d = 3*o - 51 - r, -5*o - 4*d + 280 = 0. What is the greatest common factor of 24 and o?
12
Let q = 3 - 2. Suppose -2*a = -5*a. Suppose -x + a*x + 2 = -3*c, 3*x = 3*c + 12. What is the greatest common divisor of q and c?
1
Suppose 2*v + 3*w - 21 = 0, 3*v - 4*w - 115 = -41. Calculate the highest common divisor of 45 and v.
9
Suppose -f - f = 0. Suppose -y + 4 + 6 = f. Calculate the highest common divisor of y and 10.
10
Let b be 24 - (0 + 12/4). What is the greatest common factor of b and 147?
21
Let n be (1 - -6)*(-1 - -2). Let b = -114 - -185. Suppose -5*o + b = d + 3*d, 5*o = d + 1. What is the highest common divisor of n and d?
7
Let c = -7 - -15. What is the highest common divisor of 56 and c?
8
Suppose 4 = -2*n - 2. Let t be 362/(-9) + 2/9. Let a be t/n + 1/(-3). What is the highest common divisor of 39 and a?
13
Let l = -29 + 13. Let a = l + 25. Let g(i) = 2*i**2 - 6*i + 9. Let f be g(6). What is the greatest common factor of f and a?
9
Let v(k) = 27*k - 1. Let b be v(5). Suppose -y + b = 3*a, 0 = -0*a + 2*a + y - 89. Suppose -a = -m + 27. What is the greatest common factor of 9 and m?
9
Suppose 1 = 3*k - 14, 2*k - 4 = 3*h. Suppose -v = -h*v. Suppose d = 5*f - 3, v = 2*f + 3*d - 5*d + 2. What is the greatest common factor of f and 2?
1
Suppose -4*o = -7*o + 90. Calculate the highest common divisor of o and 75.
15
Let b = -64 - -127. What is the greatest common divisor of b and 9?
9
Suppose 5*n - 5*l = -15, -5*l = 4*n - 0*n - 33. Let p = -27 - -45. Calculate the highest common factor of p and n.
2
Let j be (115/(-20))/((-2)/8). Suppose d + 5*i - j + 0 = 0, -107 = -4*d - 5*i. Calculate the highest common factor of 4 and d.
4
Let v be -2 - (-2 + 0 - 4). Let m be 29/(-3) + v/(-12). Let f be 5/m + 290/4. Calculate the greatest common divisor of 8 and f.
8
Let r(t) = -12*t + 126. Let x be r(5). Suppose -5*z + 9 = -21. Calculate the greatest common divisor of x and z.
6
Suppose 4*z - 3*x + 13 + 4 = 0, z - 1 = -x. Let q be z/(((-6)/3)/32). Suppose -2*o + q = 4. What is the greatest common factor of 14 and o?
14
Let l = 69 - 33. Let r be ((-1)/(-1) + 1)*12. Calculate the highest common divisor of r and l.
12
Suppose 0 = -i - 2 + 4. Suppose 2*a + i*a - 60 = 0. What is the highest common factor of 30 and a?
15
Let d(n) = -n**3 - 5*n**2 - 5*n + 1. Let x be d(-4). What is the greatest common divisor of 55 and x?
5
Suppose 3*h - 20 - 22 = 0. Suppose 0 = -3*q + 4*x - 2, 14 = 5*q + 6*x - 4*x. Calculate the highest common factor of h and q.
2
Let s be (-6)/(-2)*12/9. Let f(a) = a**2 - 2*a + 1. Let k be f(1). Suppose s*g = -k*g + 88. Calculate the greatest common divisor of 33 and g.
11
Let d be (-3 - -2)/(2/(-12)). Suppose 0 - 2 = f, 6 = -2*x - 5*f. Suppose -q + 60 = 3*i, 2*q - x*i = -6*i + 112. What is the highest common factor of d and q?
6
Suppose 13*n = 10*n + 12. What is the greatest common factor of 6 and n?
2
Let j(l) = 3*l + 2. Suppose 5*y + 2*c - 27 = -2*c, 0 = -3*y - c + 12. Let x be j(y). What is the highest common divisor of x and 88?
11
Let h be -52 + 55 + (-1)/(2/(-20)). Calculate the highest common divisor of h and 13.
13
Let s = 193 - 41. Calculate the greatest common factor of s and 38.
38
Suppose -d = -2*z + 18, 0*d + d = 3*z - 28. Suppose -10 = -6*y + y. What is the greatest common divisor of y and z?
2
Let m be ((-3)/(-2))/((-5)/(-10)). What is the greatest common factor of 33 and m?
3
Let d = 2 + 5. Let j be 2*3 - 1/1. Suppose 2*t + 321 = 5*w, w + t = j*t + 75. What is the highest common factor of w and d?
7
Suppose 6*p + 216 = 9*p. What is the greatest common divisor of p and 9?
9
Suppose 4 = w + 3. Let j(p) be the second derivative of 19*p**4/12 + p**2/2 + p. Let o be j(w). What is the greatest common divisor of o and 5?
5
Let h(p) = -4*p**2 - 26*p - 8. Let z be h(-6). Calculate the highest common factor of 16 and z.
4
Let k(v) = -3*v + 4*v - 3*v + 3*v + 80. Let u = 0 - 0. Let a be k(u). What is the greatest common factor of 20 and a?
20
Let u(n) = -14*n + 67. Let g be u(4). What is the highest common divisor of g and 99?
11
Suppose 0 = -4*j - 2*t + 3 + 13, -3*t = 3*j - 18. Let g be -2*(2 - 5/j). Suppose g = -x + 11. What is the greatest common divisor of x and 1?
1
Suppose 4*v - 450 = -10. Let f(a) = -a**3 + 2*a**2 - a - 4. Let j(z) = -z - 3. Let g be j(0). Let c be f(g). What is the highest common factor of v and c?
22
Suppose 5*a = 3*a + 30. Let d(l) = -9*l - 9. Let w(h) = 5*h + 5. Let m(g) = 4*d(g) + 7*w(g). Let u be m(-7). What is the highest common factor of u and a?
3
Suppose -7*g + 4*g + 105 = 0. Calculate the highest common divisor of 280 and g.
35
Let h be (84 + 1)/(0 + 1). Let i(w) = 9*w - 1. Let l be i(-4). Let d = l + h. Calculate the highest common factor of d and 32.
16
Suppose v - 3*w = -2*w + 35, 5